{"id":18,"date":"2015-06-25T16:03:57","date_gmt":"2015-06-25T14:03:57","guid":{"rendered":"http:\/\/akku-king.de\/blog2\/?page_id=18"},"modified":"2022-07-01T16:51:47","modified_gmt":"2022-07-01T14:51:47","slug":"impressum","status":"publish","type":"page","link":"https:\/\/akku-king.de\/blog\/info\/impressum\/","title":{"rendered":"Impressum"},"content":{"rendered":"<div  class=\"agb_content agb_imprint \"><div>KJ-Vertrieb e.K.<br \/>\nInhaber: Juri Kern<br \/>\nHogrevestr. 9<br \/>\n29223 Celle<br \/>\nDeutschland<br \/>\n<br \/>\nTel.: +49(0)5141 27 93 291 **<br \/>\nFax: +49 (0)5141 70 46 224<br \/>\nE-Mail: support@kj-vertrieb.de<br \/>\n<br \/>\nRegistergericht: Amtsgericht L&uuml;neburg<br \/>\nRegisternummer: HRA 201218<br \/>\n<br \/>\nUmsatzsteuer-Identifikationsnummer: DE273959935<br \/>\n<br \/>\nWEEE-Reg.-Nr. DE54408633<br \/>\n<br \/>\nInformationspflichten gem&auml;&szlig; &sect;18 Abs. 4 Satz 3 ElektroG:<br \/>\n<a target=\"_blank\" href=\"https:\/\/www.bmuv.de\/themen\/wasser-ressourcen-abfall\/kreislaufwirtschaft\/statistiken\/elektro-und-elektronikaltgeraete\">https:\/\/www.bmuv.de\/themen\/wasser-ressourcen-abfall\/kreislaufwirtschaft\/statistiken\/elektro-und-elektronikaltgeraete<\/a><br \/>\n<br \/>\nVerantwortliche\/r i.S.d. &sect; 18 Abs. 2 MStV:<br \/>\nJuri Kern, Hogrevestr. 9, 29223 Celle<br \/>\n<br \/>\nZust&auml;ndige Aufsichtsbeh&ouml;rde f&uuml;r das Angebot audiovisueller Mediendienste:<br \/>\nNieders&auml;chsische Landesmedienanstalt (NLM), Seelhorststra&szlig;e 18, 30175 Hannover, Deutschland<br \/>\n<br \/>\nWir sind zur Teilnahme an einem Streitbeilegungsverfahren vor einer Verbraucherschlichtungsstelle weder verpflichtet noch bereit.<br \/>\n<br \/>\n** Telefonisch erreichen Sie uns Mo-Fr: 10:00 bis 12:00 und 14:00 bis 16:00 Uhr<br \/>\n<br \/>\nMitglied der Initiative &quot;Fairness im Handel&quot;.<br \/>\nN&auml;here Informationen: <a target=\"_blank\" href=\"https:\/\/www.fairness-im-handel.de\">https:\/\/www.fairness-im-handel.de<\/a><\/div><div id=\"itkanzlei_txt_copyright\" style=\"font-size: 12px; margin-top: 8em;\"><div style=\"display: inline-block; vertical-align: top; margin-left: 5px; float: right; white-space: nowrap;\">Stand: 28.03.2026, 18:52:13<\/div><div style=\"clear: right;\"><\/div><\/div><\/div>\n<div class=\"entry\">\n<p><strong>Urheberrecht<\/strong><br \/>\nAlle Rechte vorbehalten. Alle Texte, Bilder, Graphiken, Ton-, Video- und Animationsdateien sowie ihre Arrangements unterliegen dem Urheberrecht und anderen Gesetzen zum Schutz geistigen Eigentums. Sie d\u00fcrfen weder f\u00fcr Handelszwecke oder zur Weitergabe kopiert, noch ver\u00e4ndert und auf anderen Web-Sites \/ Printmedien verwendet werden.<\/p>\n<p><strong>Haftung f\u00fcr Inhalte<\/strong><\/p>\n<p>Die Inhalte unserer Seiten wurden mit gr\u00f6\u00dfter Sorgfalt erstellt.<br \/>\nF\u00fcr die Richtigkeit, Vollst\u00e4ndigkeit und Aktualit\u00e4t der Inhalte<br \/>\nk\u00f6nnen wir jedoch keine Gew\u00e4hr \u00fcbernehmen. Als Diensteanbieter sind wir gem\u00e4\u00df \u00a7 7 Abs.1 TMG f\u00fcr<br \/>\neigene Inhalte auf diesen Seiten nach den allgemeinen Gesetzen verantwortlich.<br \/>\nNach \u00a7\u00a7 8 bis 10 TMG sind wir als Diensteanbieter jedoch nicht<br \/>\nverpflichtet, \u00fcbermittelte oder gespeicherte fremde Informationen zu<br \/>\n\u00fcberwachen oder nach Umst\u00e4nden zu forschen, die auf eine rechtswidrige<br \/>\nT\u00e4tigkeit hinweisen. Verpflichtungen zur Entfernung oder Sperrung der<br \/>\nNutzung von Informationen nach den allgemeinen Gesetzen bleiben hiervon<br \/>\nunber\u00fchrt. Eine diesbez\u00fcgliche Haftung ist jedoch erst ab dem<br \/>\nZeitpunkt der Kenntnis einer konkreten Rechtsverletzung m\u00f6glich. Bei<br \/>\nBekanntwerden von entsprechenden Rechtsverletzungen werden wir diese Inhalte<br \/>\numgehend entfernen.<\/p>\n<p><strong>Haftung f\u00fcr Links<\/strong><\/p>\n<p>Unser Angebot enth\u00e4lt Links zu externen Webseiten Dritter, auf deren<br \/>\nInhalte wir keinen Einfluss haben. Deshalb k\u00f6nnen wir f\u00fcr diese<br \/>\nfremden Inhalte auch keine Gew\u00e4hr \u00fcbernehmen. F\u00fcr die Inhalte<br \/>\nder verlinkten Seiten ist stets der jeweilige Anbieter oder Betreiber der<br \/>\nSeiten verantwortlich. Die verlinkten Seiten wurden zum Zeitpunkt der Verlinkung<br \/>\nauf m\u00f6gliche Rechtsverst\u00f6\u00dfe \u00fcberpr\u00fcft. Rechtswidrige<br \/>\nInhalte waren zum Zeitpunkt der Verlinkung nicht erkennbar. Eine permanente<br \/>\ninhaltliche Kontrolle der verlinkten Seiten ist jedoch ohne konkrete Anhaltspunkte<br \/>\neiner Rechtsverletzung nicht zumutbar. Bei Bekanntwerden von Rechtsverletzungen<br \/>\nwerden wir derartige Links umgehend entfernen.<\/p>\n<p><em>Quellenangaben:\u00a0<a href=\"http:\/\/www.e-recht24.de\/muster-disclaimer.htm\" target=\"_blank\" rel=\"noopener\">Disclaimer eRecht24<\/a>,\u00a0<\/em><\/p>\n<\/div>\n","protected":false},"excerpt":{"rendered":"<p>Urheberrecht Alle Rechte vorbehalten. Alle Texte, Bilder, Graphiken, Ton-, Video- und Animationsdateien sowie ihre Arrangements<\/p>\n","protected":false},"author":1,"featured_media":0,"parent":3157,"menu_order":1,"comment_status":"closed","ping_status":"open","template":"","meta":[],"yoast_head":"<!-- This site is optimized with the Yoast SEO plugin v19.2 - https:\/\/yoast.com\/wordpress\/plugins\/seo\/ -->\n<title>Impressum - \u2655Akku-King Blog<\/title>\n<meta name=\"robots\" content=\"index, follow, max-snippet:-1, max-image-preview:large, max-video-preview:-1\" \/>\n<link rel=\"canonical\" href=\"https:\/\/akku-king.de\/blog\/info\/impressum\/\" \/>\n<meta property=\"og:locale\" content=\"de_DE\" \/>\n<meta property=\"og:type\" content=\"article\" \/>\n<meta property=\"og:title\" content=\"Impressum - \u2655Akku-King Blog\" \/>\n<meta property=\"og:description\" content=\"Urheberrecht Alle Rechte vorbehalten. Alle Texte, Bilder, Graphiken, Ton-, Video- und Animationsdateien sowie ihre Arrangements\" \/>\n<meta property=\"og:url\" content=\"https:\/\/akku-king.de\/blog\/info\/impressum\/\" \/>\n<meta property=\"og:site_name\" content=\"\u2655Akku-King Blog\" \/>\n<meta property=\"article:publisher\" content=\"https:\/\/www.facebook.com\/AkkuKing.de\" \/>\n<meta property=\"article:modified_time\" content=\"2022-07-01T14:51:47+00:00\" \/>\n<meta name=\"author\" content=\"admin2\" \/>\n<meta name=\"twitter:card\" content=\"summary_large_image\" \/>\n<meta name=\"twitter:site\" content=\"@akkuking\" \/>\n<meta name=\"twitter:label1\" content=\"Gesch\u00e4tzte Lesezeit\" \/>\n\t<meta name=\"twitter:data1\" content=\"2\u00a0Minuten\" \/>\n<script type=\"application\/ld+json\" class=\"yoast-schema-graph\">{\"@context\":\"https:\/\/schema.org\",\"@graph\":[{\"@type\":\"WebSite\",\"@id\":\"https:\/\/akku-king.de\/blog\/#website\",\"url\":\"https:\/\/akku-king.de\/blog\/\",\"name\":\"\u2655Akku-King Blog\",\"description\":\"Der Info-Blog vom Akku-Spezialisten\",\"potentialAction\":[{\"@type\":\"SearchAction\",\"target\":{\"@type\":\"EntryPoint\",\"urlTemplate\":\"https:\/\/akku-king.de\/blog\/?s={search_term_string}\"},\"query-input\":\"required name=search_term_string\"}],\"inLanguage\":\"de\"},{\"@type\":\"WebPage\",\"@id\":\"https:\/\/akku-king.de\/blog\/info\/impressum\/#webpage\",\"url\":\"https:\/\/akku-king.de\/blog\/info\/impressum\/\",\"name\":\"Impressum - \u2655Akku-King Blog\",\"isPartOf\":{\"@id\":\"https:\/\/akku-king.de\/blog\/#website\"},\"datePublished\":\"2015-06-25T14:03:57+00:00\",\"dateModified\":\"2022-07-01T14:51:47+00:00\",\"breadcrumb\":{\"@id\":\"https:\/\/akku-king.de\/blog\/info\/impressum\/#breadcrumb\"},\"inLanguage\":\"de\",\"potentialAction\":[{\"@type\":\"ReadAction\",\"target\":[\"https:\/\/akku-king.de\/blog\/info\/impressum\/\"]}]},{\"@type\":\"BreadcrumbList\",\"@id\":\"https:\/\/akku-king.de\/blog\/info\/impressum\/#breadcrumb\",\"itemListElement\":[{\"@type\":\"ListItem\",\"position\":1,\"name\":\"Startseite\",\"item\":\"https:\/\/akku-king.de\/blog\/\"},{\"@type\":\"ListItem\",\"position\":2,\"name\":\"Info\",\"item\":\"https:\/\/akku-king.de\/blog\/info\/\"},{\"@type\":\"ListItem\",\"position\":3,\"name\":\"Impressum\"}]}]}<\/script>\n<!-- \/ Yoast SEO plugin. -->","yoast_head_json":{"title":"Impressum - \u2655Akku-King Blog","robots":{"index":"index","follow":"follow","max-snippet":"max-snippet:-1","max-image-preview":"max-image-preview:large","max-video-preview":"max-video-preview:-1"},"canonical":"https:\/\/akku-king.de\/blog\/info\/impressum\/","og_locale":"de_DE","og_type":"article","og_title":"Impressum - \u2655Akku-King Blog","og_description":"Urheberrecht Alle Rechte vorbehalten. Alle Texte, Bilder, Graphiken, Ton-, Video- und Animationsdateien sowie ihre Arrangements","og_url":"https:\/\/akku-king.de\/blog\/info\/impressum\/","og_site_name":"\u2655Akku-King Blog","article_publisher":"https:\/\/www.facebook.com\/AkkuKing.de","article_modified_time":"2022-07-01T14:51:47+00:00","author":"admin2","twitter_card":"summary_large_image","twitter_site":"@akkuking","twitter_misc":{"Gesch\u00e4tzte Lesezeit":"2\u00a0Minuten"},"schema":{"@context":"https:\/\/schema.org","@graph":[{"@type":"WebSite","@id":"https:\/\/akku-king.de\/blog\/#website","url":"https:\/\/akku-king.de\/blog\/","name":"\u2655Akku-King Blog","description":"Der Info-Blog vom Akku-Spezialisten","potentialAction":[{"@type":"SearchAction","target":{"@type":"EntryPoint","urlTemplate":"https:\/\/akku-king.de\/blog\/?s={search_term_string}"},"query-input":"required name=search_term_string"}],"inLanguage":"de"},{"@type":"WebPage","@id":"https:\/\/akku-king.de\/blog\/info\/impressum\/#webpage","url":"https:\/\/akku-king.de\/blog\/info\/impressum\/","name":"Impressum - \u2655Akku-King Blog","isPartOf":{"@id":"https:\/\/akku-king.de\/blog\/#website"},"datePublished":"2015-06-25T14:03:57+00:00","dateModified":"2022-07-01T14:51:47+00:00","breadcrumb":{"@id":"https:\/\/akku-king.de\/blog\/info\/impressum\/#breadcrumb"},"inLanguage":"de","potentialAction":[{"@type":"ReadAction","target":["https:\/\/akku-king.de\/blog\/info\/impressum\/"]}]},{"@type":"BreadcrumbList","@id":"https:\/\/akku-king.de\/blog\/info\/impressum\/#breadcrumb","itemListElement":[{"@type":"ListItem","position":1,"name":"Startseite","item":"https:\/\/akku-king.de\/blog\/"},{"@type":"ListItem","position":2,"name":"Info","item":"https:\/\/akku-king.de\/blog\/info\/"},{"@type":"ListItem","position":3,"name":"Impressum"}]}]}},"_links":{"self":[{"href":"https:\/\/akku-king.de\/blog\/wp-json\/wp\/v2\/pages\/18"}],"collection":[{"href":"https:\/\/akku-king.de\/blog\/wp-json\/wp\/v2\/pages"}],"about":[{"href":"https:\/\/akku-king.de\/blog\/wp-json\/wp\/v2\/types\/page"}],"author":[{"embeddable":true,"href":"https:\/\/akku-king.de\/blog\/wp-json\/wp\/v2\/users\/1"}],"replies":[{"embeddable":true,"href":"https:\/\/akku-king.de\/blog\/wp-json\/wp\/v2\/comments?post=18"}],"version-history":[{"count":8,"href":"https:\/\/akku-king.de\/blog\/wp-json\/wp\/v2\/pages\/18\/revisions"}],"predecessor-version":[{"id":4638,"href":"https:\/\/akku-king.de\/blog\/wp-json\/wp\/v2\/pages\/18\/revisions\/4638"}],"up":[{"embeddable":true,"href":"https:\/\/akku-king.de\/blog\/wp-json\/wp\/v2\/pages\/3157"}],"wp:attachment":[{"href":"https:\/\/akku-king.de\/blog\/wp-json\/wp\/v2\/media?parent=18"}],"curies":[{"name":"wp","href":"https:\/\/api.w.org\/{rel}","templated":true}]}}